 2/12 + (-714)/c?
2, 5
Let x = 3 + 4. What are the prime factors of x?
7
Suppose -2*f - 3 = -1. Let r be ((-1)/2)/(f/(-12)). Let i(m) = -m**3 - 6*m**2 - 2*m. What are the prime factors of i(r)?
2, 3
Suppose -4*v = -22 + 2, -g = -2*v - 92. What are the prime factors of g?
2, 3, 17
Let z(g) = -4*g**2 - 13 - 6*g**2 + 2*g**2 + g**3 - 11*g + 4*g. Let m be z(9). Suppose -m*d + 4*d + 12 = 0. List the prime factors of d.
2, 3
Suppose -5*k - 3*d - 2 = 0, 0 = -4*k + 2*d - 4*d. Let p be (0 + k - 2) + 1. What are the prime factors of p*8 - (-3 + 3)?
2
Suppose 2*o = -0*o + a - 1, 0 = o - a + 2. Let s be (o/2)/(1/6). List the prime factors of (8*2)/(s - 1).
2
What are the prime factors of 94*(12/(-4))/(-6)?
47
Suppose 2*v - 6 = 10. Let d(n) = -2*n**2 - 2*n**2 - v*n + 5*n**2 - 6 - 2*n**2. List the prime factors of d(-6).
2, 3
Suppose 5*b + 0*b - 485 = 5*c, 194 = 2*b + 2*c. List the prime factors of b.
97
Suppose -3*l + 9 = -d, 4*d + 3 = 2*l - l. Let z(j) = 3*j + 4. List the prime factors of z(l).
13
Let q = -8 + 5. Let c(z) be the first derivative of 2*z**3/3 + 5*z**2/2 + 3*z + 2. What are the prime factors of c(q)?
2, 3
Let f(x) = -x**2 + x + 4. Let q be f(3). List the prime factors of 12/((-21)/(-6) + q).
2
Suppose -11 - 12 = s - 4*n, -3*s + 2*n = 19. Let m = s - -7. Suppose t - 3*y = 2*y + 42, -20 = m*y. List the prime factors of t.
17
Let u = -31 - -58. List the prime factors of u.
3
Let g = 15 + -25. Let i(n) = n**3 + 10*n**2 - 5*n - 12. What are the prime factors of i(g)?
2, 19
Suppose 5*a - 58 + 23 = 0. List the prime factors of a/(42/(-32))*-6.
2
Let x be 1*9*(-8)/(-12). Let g = 25 + x. What are the prime factors of g?
31
List the prime factors of 102 - -2*(-2 + 3).
2, 13
Let j(m) = 14*m**2 - 13. List the prime factors of j(3).
113
Suppose -5*f + 10*f - 115 = 0. List the prime factors of f.
23
Suppose -8 = -y - s, -2*s = y - 2*y - 7. List the prime factors of y.
3
Let x(b) = 6*b + 4. Let u(d) = -5*d - 4 - 3 - 7*d. Let c(a) = -3*u(a) - 5*x(a). List the prime factors of c(1).
7
Let i(x) = x. Let d(w) = -2*w**2 + 4*w - 2. Let v(k) = -d(k) + 5*i(k). List the prime factors of v(-1).
3
Let h(n) = 4*n**2 - 2*n. Suppose 3*d - 4*r = -2, 3*r - 5*r + 8 = 2*d. List the prime factors of h(d).
2, 3
Let y(k) = 28*k - 3. Let z(h) = 14*h - 2. Let o(n) = -3*y(n) + 5*z(n). What are the prime factors of o(-1)?
13
Suppose r + s + 15 = 0, 0 = 4*r - 0*s - 3*s + 46. What are the prime factors of (r/(-1) - 3)*1?
2, 5
Let q(h) = 2 - 5*h**2 + 7*h**2 + 5*h**2 - 3. Suppose 5*g + c = -9, -1 = 5*g - 4*c - 12. List the prime factors of q(g).
2, 3
Let p = -8 - -42. What are the prime factors of p?
2, 17
Suppose 0 = -5*d - 52 + 132. Suppose l + 12 = 4*o - 20, 4*o - 5*l - d = 0. What are the prime factors of o?
3
Let h = 3 - 2. Let l be (h + -2)/(2 - 3). List the prime factors of (-57)/(-9) - l/3.
2, 3
Let y = -2 + 2. Suppose 3*w - r - 17 = y, 12 = w - 3*r + 1. What are the prime factors of w?
5
Suppose 52 = h - 2*o, -103 = -4*h - o + 78. What are the prime factors of h?
2, 23
Suppose -5*x = -4*q - 0*q + 7, -q = 2*x - 5. Let d be 1 - (-2)/x - 7. List the prime factors of 13 + d + 2 + 1.
2, 3
Suppose -z + 4 - 3 = 0. What are the prime factors of 15 - (-1 - (z - 3))?
2, 7
Suppose 5*z = 4*r - 81, 0*r + 4*z + 12 = r. Suppose 3*d - 14 + 5 = 0. Suppose -d*h - r = -5*h. What are the prime factors of h?
2, 3
Suppose -b - 2 = -4. Suppose b*c + 2 - 8 = 0. Suppose -5*v = -4*p - 0*p + 68, 0 = 2*p + c*v - 34. What are the prime factors of p?
17
Suppose -3*z - 15 = -2*j - 0*z, -5*z - 25 = 3*j. Let k(l) = -2*l**2 + 1 - 3 + j*l**3 + 5*l**2 - 2*l + l**3. What are the prime factors of k(2)?
2, 7
Suppose -4*b + 4 = -272. List the prime factors of b.
3, 23
Let f = 11 - 8. Suppose s - 4*h = 2, -4*h - 105 = -5*s - f*h. What are the prime factors of s?
2, 11
Let u(q) be the third derivative of q**5/60 - q**4/4 + 2*q**3/3 - 2*q**2. Let a = 14 + -7. What are the prime factors of u(a)?
11
Let i be 2/(-8) - 15/20. Let p(b) = 3*b**2 - b. What are the prime factors of p(i)?
2
Let o be (52/6)/((-6)/(-9)). Suppose a - 2*a = -o. List the prime factors of a.
13
Let c(x) = x - 7. Let i be c(7). Suppose i = n - 6 - 18. What are the prime factors of n?
2, 3
Let y = -2 + 4. Suppose j = y*j - 1. Let c = 6 - j. What are the prime factors of c?
5
Let x(p) = -p**3 - p - 2. Let g be x(-2). Let v = g - 0. List the prime factors of v.
2
What are the prime factors of -5*(3 - 15/3)?
2, 5
Let d(p) = p + 1. Let q be d(-1). Let f(v) = -4*v**2 + 10 + 4*v**2 + v**2. List the prime factors of f(q).
2, 5
Let r = -12 - -40. What are the prime factors of r?
2, 7
Let k = 262 + -187. List the prime factors of k.
3, 5
Let m(r) = -5*r**3 + r**2 + 2*r + 1. Suppose 2*s - 7*s - 5 = 0. Let v be m(s). Suppose -2*g + i + 31 = 0, v*g + 0*i = 5*i + 80. List the prime factors of g.
3, 5
Let c be (-4 - 2 - -2)/1. Let k = 3 - c. What are the prime factors of k?
7
Let t = 500 - 350. What are the prime factors of t?
2, 3, 5
Let a(q) = q + 5. Let j be a(6). Let g(b) = -b**3 + 12*b**2 - 9*b + 10. What are the prime factors of g(j)?
2
Suppose 0*p = -2*p + 40. Suppose 14 = t - 5*b, -3*t = -3*b - b - p. What are the prime factors of (16/(-12))/(t/(-18))?
2, 3
Let u(d) be the third derivative of d**4/4 + d**3/2 - 8*d**2. What are the prime factors of u(5)?
3, 11
Let d = 163 - -203. What are the prime factors of d?
2, 3, 61
Suppose 0*i - 24 = 2*x - i, -x + 4*i = -2. Let m be 2/(-7) - 172/x. Let d = 4 + m. What are the prime factors of d?
2
Let f be (-2)/(-4) - 14/(-4). Suppose 3*v + 2 = f*v. What are the prime factors of v?
2
Suppose 3*l = -a - 2 + 63, 2*l - 176 = -3*a. What are the prime factors of a?
2, 29
Let r(k) = 2*k**2 + 23. List the prime factors of r(7).
11
Let s = 11 + 52. List the prime factors of s.
3, 7
Let a = -131 + 163. What are the prime factors of a?
2
Let p = 202 + -156. What are the prime factors of p?
2, 23
Suppose 0 = 2*u - 72 - 18. List the prime factors of u.
3, 5
Let y be ((-7)/3)/((-4)/(-12)). Let k(f) = -f**2 - 7*f + 3. Let a be k(y). Let z = 0 + a. What are the prime factors of z?
3
Suppose -2*j = -6*j - 24. Let a be ((-8)/(-3))/(2/j). Let l = -4 - a. List the prime factors of l.
2
Suppose 0 = 4*b - 0*b. Suppose y + 0*y - 9 = b. What are the prime factors of y?
3
Let s(q) = -q**3 - 7*q**2 + 8*q + 5. Let r be s(-8). Suppose 19 = -r*f + 79. Let b = -3 + f. What are the prime factors of b?
3
Suppose 5 = -3*u - h + 1, -3*u + 5*h = 16. Let i be ((-5)/2)/(1/u). Let a(z) = 2*z + 7. What are the prime factors of a(i)?
17
Let g = 10 - 22. What are the prime factors of g/(-3)*4/8?
2
Suppose 7*w = 9*w - 30. Suppose -d + 14 = -w. List the prime factors of d.
29
Let r = 123 - -7. What are the prime factors of r?
2, 5, 13
Let q(r) = 7*r**2 - 3*r + 1. What are the prime factors of q(-2)?
5, 7
Let m(c) = -4*c**3 - 2*c**2 - c. Let l be m(-1). Suppose l*s + 0*s - 15 = 0. What are the prime factors of s?
5
Let n = 114 - 81. What are the prime factors of n/9 + (-2)/3?
3
Let p = -9 - -15. Let c = 23 - p. List the prime factors of c.
17
Suppose -u = -4*s + 380, -3*s - 2*u + 285 = -3*u. Suppose s = 5*r - 25. List the prime factors of r.
2, 3
Let x(u) = u**2 - u + 2. Let q be x(0). Suppose 5*r - q*v - 118 = -5*v, 3*r + 3*v = 66. List the prime factors of r.
2, 13
Suppose 5*d - 1196 = 2*o, 2*o = -5*d + 858 + 346. List the prime factors of d.
2, 3, 5
What are the prime factors of (-2)/5 + 1285/25?
3, 17
Let j(n) = -2 - n**2 - 3*n**2 + 8*n + 5*n**2. Let y be j(-10). Suppose v = 2 + y. What are the prime factors of v?
2, 5
Let v be -1*1*1 - 4. Let b(a) be the second derivative of a**4/12 + a**3/2 + a**2/2 + 3*a. List the prime factors of b(v).
11
Suppose 4*d - 2*u = -16, -2*u - 14 = 3*d - 4*u. Let o be 34*1*d/4. Let m = o - -27. List the prime factors of m.
2, 5
Let l = 80 - 54. What are the prime factors of l?
2, 13
Suppose -28 = -5*h - 3. Suppose -5*d + h*m + 50 = 0, -m + 2*m - 16 = -d. What are the prime factors of d?
13
Let p(h) = -10*h - 3. Let b(v) = v. Let s(c) = 2*b(c) + p(c). What are the prime factors of s(-2)?
13
Suppose f - 2*b - 76 = 80, 0 = 2*f + 2*b - 318. Suppose -5*m - f + 3 = 0. Let r = 47 + m. What are the prime factors of r?
2
Let k be -3 - (-2 + 1) - -2. Suppose -5*r + 9 + 1 = k. Suppose -r*x + 7*x = 90. What are the prime factors of x?